-- https://www.phpmyadmin.net/
--

START TRANSACTION;



-- --------------------------------------------------------

--
-- Table structure for table `bookings`
--

CREATE TABLE `bookings` (
  `id` bigint(20) UNSIGNED NOT NULL,
  `car_name` varchar(255) COLLATE utf8_unicode_ci DEFAULT NULL,
  `pick_up` varchar(255) COLLATE utf8_unicode_ci DEFAULT NULL,
  `pick_up_lat` varchar(255) COLLATE utf8_unicode_ci DEFAULT NULL,
  `pick_up_lng` varchar(255) COLLATE utf8_unicode_ci DEFAULT NULL,
  `pick_up_datetime` varchar(255) COLLATE utf8_unicode_ci DEFAULT NULL,
  `drop_off` varchar(255) COLLATE utf8_unicode_ci DEFAULT NULL,
  `drop_off_lat` varchar(255) COLLATE utf8_unicode_ci DEFAULT NULL,
  `drop_off_lng` varchar(255) COLLATE utf8_unicode_ci DEFAULT NULL,
  `drop_off_datetime` varchar(255) COLLATE utf8_unicode_ci DEFAULT NULL,
  `name` varchar(255) COLLATE utf8_unicode_ci DEFAULT NULL,
  `email` varchar(255) COLLATE utf8_unicode_ci DEFAULT NULL,
  `phone` varchar(255) COLLATE utf8_unicode_ci DEFAULT NULL,
  `status` enum('seen','unseen') COLLATE utf8_unicode_ci NOT NULL DEFAULT 'unseen',
  `type` enum('hotel','flight') COLLATE utf8_unicode_ci DEFAULT 'hotel',
  `check_in` varchar(255) COLLATE utf8_unicode_ci DEFAULT NULL,
  `check_out` varchar(255) COLLATE utf8_unicode_ci DEFAULT NULL,
  `adults` varchar(255) COLLATE utf8_unicode_ci DEFAULT NULL,
  `childrens` varchar(255) COLLATE utf8_unicode_ci DEFAULT NULL,
  `rooms` varchar(255) COLLATE utf8_unicode_ci DEFAULT NULL,
  `trip_type` varchar(255) COLLATE utf8_unicode_ci DEFAULT NULL,
  `created_at` timestamp NULL DEFAULT NULL,
  `updated_at` timestamp NULL DEFAULT NULL
) ENGINE=InnoDB DEFAULT CHARSET=utf8 COLLATE=utf8_unicode_ci;

--
-- Dumping data for table `bookings`
--

INSERT INTO `bookings` (`id`, `car_name`, `pick_up`, `pick_up_lat`, `pick_up_lng`, `pick_up_datetime`, `drop_off`, `drop_off_lat`, `drop_off_lng`, `drop_off_datetime`, `name`, `email`, `phone`, `status`, `type`, `check_in`, `check_out`, `adults`, `childrens`, `rooms`, `trip_type`, `created_at`, `updated_at`) VALUES
(1, 'BMW 3-SERIES', 'Lahore, Pakistan', '45.0109936', '-93.04733519999999', '22 February 2018 - 05:30 am', 'Lahore, Pakistan', '31.5203696', '74.35874729999999', '23 February 2018 - 05:25 am', 'Jhon Doe', 'jhondoe@gmail.com', '03436193567', 'seen', 'hotel', NULL, NULL, NULL, NULL, NULL, NULL, '2020-11-08 21:58:18', '2020-11-08 22:00:39'),
(2, 'BMW 3-SERIES', 'Lahore, Pakistan', '45.0109936', '-93.04733519999999', '22 February 2018 - 05:30 am', 'Lahore, Pakistan', '31.5203696', '74.35874729999999', '23 February 2018 - 05:25 am', 'Jhon Doe', 'jhondoe@gmail.com', '03436193567', 'seen', 'hotel', NULL, NULL, NULL, NULL, NULL, NULL, '2020-11-08 22:00:00', '2021-01-31 01:08:40'),
(12, 'Paris International Hotel', NULL, NULL, NULL, NULL, NULL, NULL, NULL, NULL, 'Sharjeel afasdfasf Anjum', 'sharjil.hz@gmail.com', '03026198713', 'seen', 'hotel', '23 February 2020 - 05:45 am', '26 February 2018 - 03:30 pm', '1', '1', 'Single', NULL, '2024-01-23 05:55:10', '2024-01-23 06:38:47'),
(13, 'Paris International Hotel', NULL, NULL, NULL, NULL, NULL, NULL, NULL, NULL, 'Sharjeel afasdfasf Anjum', 'sharjil.hz@gmail.com', '03026198713', 'unseen', 'hotel', '23 February 2020 - 05:45 am', '26 February 2018 - 03:30 pm', '1', '1', 'Single', NULL, '2024-01-23 05:55:50', '2024-01-23 05:55:50'),
(14, 'Monaco Hotel', NULL, NULL, NULL, NULL, NULL, NULL, NULL, NULL, 'Sharjeel afasdfasf Anjum', 'sharjil.hz@gmail.com', '03026198713', 'seen', 'hotel', '23 February 2020 - 10:25 am', '25 February 2018 - 05:45 am', '1', '1', 'Single', NULL, '2024-01-23 05:56:20', '2024-01-23 11:14:08'),
(15, 'Gulberg continental Hotel', NULL, NULL, NULL, NULL, NULL, NULL, NULL, NULL, 'Sharjeel afasdfasf Anjum', 'sharjil.hz@gmail.com', '03026198713', 'unseen', 'hotel', '24 January 2024 - 11:15 am', '24 January 2024 - 11:55 am', '1', '1', 'Single', NULL, '2024-01-23 06:21:24', '2024-01-23 06:21:24'),
(16, 'Monaco Hotel', NULL, NULL, NULL, NULL, NULL, NULL, NULL, NULL, 'Sharjeel afasdfasf Anjum', 'sharjil.hz@gmail.com', '03026198713', 'unseen', 'hotel', '23 January 2024 - 11:35 am', '24 January 2024 - 04:50 pm', '1', '1', 'Single', NULL, '2024-01-23 06:38:41', '2024-01-23 06:38:41'),
(17, 'Monaco Hotel', NULL, NULL, NULL, NULL, NULL, NULL, NULL, NULL, 'Sharjeel afasdfasf Anjum', 'sharjil.hz@gmail.com', '03026198713', 'unseen', 'hotel', '23 January 2024 - 10:55 pm', '24 January 2024 - 10:50 pm', '1', '1', 'Single', NULL, '2024-01-23 06:40:32', '2024-01-23 06:40:32'),
(18, 'PC Hotel', NULL, NULL, NULL, NULL, NULL, NULL, NULL, NULL, 'Sharjeel afasdfasf Anjum', 'sharjil.hz@gmail.com', '03026198713', 'unseen', 'hotel', '23 Jan 2024 - 11:57 AM', '26 January 2024 - 04:55 pm', '1', '1', 'Single', NULL, '2024-01-23 06:57:38', '2024-01-23 06:57:38'),
(19, 'Paris International Hotel', NULL, NULL, NULL, NULL, NULL, NULL, NULL, NULL, 'Sharjeel afasdfasf Anjum', 'sharjil.hz@gmail.com', '03026198713', 'unseen', 'hotel', '24 January 2024 - 04:05 am', '25 January 2024 - 04:05 am', '1', '1', 'Single', NULL, '2024-01-23 11:09:11', '2024-01-23 11:09:11'),
(20, 'Monaco Hotel', 'Islamabad Pakistan', NULL, NULL, NULL, NULL, NULL, NULL, NULL, 'Sharjeel Anjum', 'sharjil.hz@gmail.com', '03026198713', 'seen', 'hotel', '25 January 2024 - 10:10 am', '26 January 2024 - 10:35 am', '2', '1', 'Double', NULL, '2024-01-23 11:13:45', '2024-01-23 11:14:23'),
(21, 'Monaco Hotel', 'Islamabad Pakistan', NULL, NULL, NULL, NULL, NULL, NULL, NULL, 'Sharjeel afasdfasf Anjum', 'sharjil.hz@gmail.com', '03026198713', 'unseen', 'hotel', '26 January 2024 - 04:15 am', '26 January 2024 - 05:50 pm', '1', '1', 'Single', NULL, '2024-01-23 11:15:16', '2024-01-23 11:15:16'),
(22, 'Cheap Flights To Paris', 'House# 272-B, Street 12, E-11/4', NULL, NULL, NULL, NULL, NULL, NULL, NULL, 'Sharjeel afasdfasf Anjum', 'sharjil.hz@gmail.com', '03026198713', 'seen', 'flight', '22 February 2018 - 11:55 am', NULL, '1', '1', 'Economy', NULL, '2024-01-23 11:19:19', '2024-01-23 11:19:31'),
(23, 'Flights to London', 'House# 272-B, Street 12, E-11/4', NULL, NULL, NULL, NULL, NULL, NULL, NULL, 'Sharjeel afasdfasf Anjum', 'sharjil.hz@gmail.com', '03026198713', 'seen', 'flight', '22 February 2018 - 11:55 am', NULL, '1', '1', 'Economy', 'One Way', '2024-01-23 11:21:05', '2024-01-23 11:21:14'),
(24, 'Cheap Flights To Paris', 'House# 272-B, Street 12, E-11/4', NULL, NULL, NULL, NULL, NULL, NULL, NULL, 'Sharjeel afasdfasf Anjum', 'sharjil.hz@gmail.com', '03026198713', 'unseen', 'flight', '23 February 2018 - 11:35 am', NULL, '1', '1', 'Economy', 'One Way', '2024-01-23 11:23:30', '2024-01-23 11:23:30'),
(25, 'Cheap Flights To Paris', 'islamabad pakistan', NULL, NULL, NULL, NULL, NULL, NULL, NULL, 'Sharjeel afasdfasf Anjum', 'sharjil.hz@gmail.com', '03026198713', 'seen', 'flight', '04 February 2024 - 03:15 pm', '13 February 2024 - 03:30 pm', '1', '1', 'Economy', 'Two Way', '2024-02-03 05:18:23', '2024-02-03 05:19:23'),
(26, 'Cheap Flights To Paris', 'Islamabad Pakistan', NULL, NULL, NULL, NULL, NULL, NULL, NULL, 'Sharjeel afasdfasf Anjum', 'sharjil.hz@gmail.com', '03026198713', 'seen', 'flight', '06 February 2024 - 09:35 pm', '06 February 2024 - 21:40 pm', '1', '1', 'Economy', 'Two Way', '2024-02-03 05:38:02', '2024-02-03 05:38:42'),
(27, 'Cheap Flights To Paris', 'Islamabad Pakistan', NULL, NULL, NULL, NULL, NULL, NULL, NULL, 'Sharjeel afasdfasf Anjum', 'sharjil.hz@gmail.com', '03026198713', 'seen', 'flight', '06 February 2024 - 09:35 pm', '06 February 2024 - 21:40 pm', '1', '1', 'Economy', 'Two Way', '2024-02-03 05:41:31', '2024-02-03 05:42:07'),
(28, 'Monaco Hotel', 'Lahore Pakistan', NULL, NULL, NULL, NULL, NULL, NULL, NULL, 'Sharjeel afasdfasf Anjum', 'sharjil.hz@gmail.com', '03026198713', 'seen', 'hotel', '15 February 2024 - 10:50 am', '17 February 2024 - 10:55 am', '4', '3', 'Double', NULL, '2024-02-03 05:46:07', '2024-02-03 05:47:25');

-- --------------------------------------------------------

--
-- Table structure for table `contact_us`
--

CREATE TABLE `contact_us` (
  `id` bigint(20) UNSIGNED NOT NULL,
  `first_name` varchar(255) COLLATE utf8_unicode_ci DEFAULT NULL,
  `last_name` varchar(255) COLLATE utf8_unicode_ci DEFAULT NULL,
  `email_address` varchar(255) COLLATE utf8_unicode_ci DEFAULT NULL,
  `phone_number` varchar(255) COLLATE utf8_unicode_ci DEFAULT NULL,
  `message` longtext COLLATE utf8_unicode_ci DEFAULT NULL,
  `status` enum('seen','unseen') COLLATE utf8_unicode_ci NOT NULL DEFAULT 'unseen',
  `created_at` timestamp NULL DEFAULT NULL,
  `updated_at` timestamp NULL DEFAULT NULL
) ENGINE=InnoDB DEFAULT CHARSET=utf8 COLLATE=utf8_unicode_ci;

--
-- Dumping data for table `contact_us`
--

INSERT INTO `contact_us` (`id`, `first_name`, `last_name`, `email_address`, `phone_number`, `message`, `status`, `created_at`, `updated_at`) VALUES
(1, 'Sharjeel', 'Anjum', 'sharjil.hz@gmail.com', '03026198713', 'afdasdfasdfasdf', 'seen', '2020-11-09 22:20:19', '2020-11-09 22:20:32'),
(2, 'Intizar', 'Ahmad', 'intiahmad92@gmail.com', '03001234567', 'test', 'unseen', '2020-12-08 18:52:51', '2020-12-08 18:52:51'),
(3, 'Sharjeel', 'Anjum', 'sharjil.hz@gmail.com', '03026198713', 'sdfasdfas', 'unseen', '2024-01-22 07:26:22', '2024-01-22 07:26:22');

-- --------------------------------------------------------

--
-- Table structure for table `failed_jobs`
--

CREATE TABLE `failed_jobs` (
  `id` bigint(20) UNSIGNED NOT NULL,
  `uuid` varchar(255) COLLATE utf8_unicode_ci NOT NULL,
  `connection` text COLLATE utf8_unicode_ci NOT NULL,
  `queue` text COLLATE utf8_unicode_ci NOT NULL,
  `payload` longtext COLLATE utf8_unicode_ci NOT NULL,
  `exception` longtext COLLATE utf8_unicode_ci NOT NULL,
  `failed_at` timestamp NOT NULL DEFAULT current_timestamp()
) ENGINE=InnoDB DEFAULT CHARSET=utf8 COLLATE=utf8_unicode_ci;

-- --------------------------------------------------------

--
-- Table structure for table `menus`
--

CREATE TABLE `menus` (
  `id` bigint(20) UNSIGNED NOT NULL,
  `title` varchar(255) COLLATE utf8_unicode_ci DEFAULT NULL,
  `slug` varchar(255) COLLATE utf8_unicode_ci DEFAULT NULL,
  `menu_type_id` bigint(20) UNSIGNED DEFAULT NULL,
  `post_id` bigint(20) UNSIGNED DEFAULT NULL,
  `order` varchar(255) COLLATE utf8_unicode_ci DEFAULT NULL,
  `parent_id` int(11) NOT NULL DEFAULT 0,
  `status` enum('active','blocked') COLLATE utf8_unicode_ci NOT NULL DEFAULT 'active',
  `menu_is` enum('external','internal') COLLATE utf8_unicode_ci NOT NULL DEFAULT 'internal',
  `created_at` timestamp NULL DEFAULT NULL,
  `updated_at` timestamp NULL DEFAULT NULL
) ENGINE=InnoDB DEFAULT CHARSET=utf8 COLLATE=utf8_unicode_ci;

--
-- Dumping data for table `menus`
--

INSERT INTO `menus` (`id`, `title`, `slug`, `menu_type_id`, `post_id`, `order`, `parent_id`, `status`, `menu_is`, `created_at`, `updated_at`) VALUES
(1, 'Home', 'https://www.sharjeelanjum.com/demos/car-rental', 1, NULL, '0', 0, 'active', 'external', '2020-11-07 09:12:15', '2020-12-08 12:28:03'),
(4, 'About Us', '#about', 1, NULL, '3', 0, 'active', 'external', '2020-11-07 09:28:44', '2020-12-16 11:28:45'),
(5, 'Services', '#service', 1, NULL, '4', 0, 'active', 'external', '2020-11-07 09:29:30', '2020-12-16 11:28:45'),
(7, 'Team', '#team', 1, NULL, '5', 0, 'active', 'external', '2020-11-07 09:31:09', '2020-12-16 11:28:45'),
(9, 'Contact Us', '#contact', 1, NULL, '7', 0, 'active', 'external', '2020-11-07 09:32:26', '2020-12-16 11:28:45'),
(10, 'Blog ', 'blog', 1, 30, '6', 0, 'active', 'internal', '2020-11-08 05:34:06', '2020-12-16 11:28:45'),
(11, 'Hotels', 'hotels', 1, 31, '1', 0, 'active', 'internal', '2020-11-11 15:40:54', '2020-12-16 08:57:50'),
(13, 'Flights', 'flights', 1, NULL, '2', 0, 'active', 'external', '2020-12-16 11:28:40', '2020-12-16 11:49:28');

-- --------------------------------------------------------

--
-- Table structure for table `menu_types`
--

CREATE TABLE `menu_types` (
  `id` bigint(20) UNSIGNED NOT NULL,
  `title` varchar(255) COLLATE utf8_unicode_ci DEFAULT NULL,
  `slug` varchar(255) COLLATE utf8_unicode_ci DEFAULT NULL,
  `status` enum('active','blocked') COLLATE utf8_unicode_ci NOT NULL DEFAULT 'active',
  `created_at` timestamp NULL DEFAULT NULL,
  `updated_at` timestamp NULL DEFAULT NULL
) ENGINE=InnoDB DEFAULT CHARSET=utf8 COLLATE=utf8_unicode_ci;

--
-- Dumping data for table `menu_types`
--

INSERT INTO `menu_types` (`id`, `title`, `slug`, `status`, `created_at`, `updated_at`) VALUES
(1, 'Top Menu', 'top-menu', 'active', '2020-11-07 09:10:41', '2020-11-07 09:11:12');

-- --------------------------------------------------------

--
-- Table structure for table `migrations`
--

CREATE TABLE `migrations` (
  `id` int(10) UNSIGNED NOT NULL,
  `migration` varchar(255) COLLATE utf8_unicode_ci NOT NULL,
  `batch` int(11) NOT NULL
) ENGINE=InnoDB DEFAULT CHARSET=utf8 COLLATE=utf8_unicode_ci;

--
-- Dumping data for table `migrations`
--

INSERT INTO `migrations` (`id`, `migration`, `batch`) VALUES
(1, '2014_10_12_000000_create_users_table', 1),
(2, '2014_10_12_100000_create_password_resets_table', 1),
(3, '2019_08_19_000000_create_failed_jobs_table', 1),
(4, '2020_10_13_144548_create_admin_password_resets_table', 1),
(5, '2020_10_13_144548_create_admins_table', 1),
(6, '2020_10_20_051105_create_modules_table', 1),
(7, '2020_10_21_112643_create_modules_data_table', 1),
(8, '2020_10_22_022611_create_tags_table', 1),
(9, '2020_10_22_030040_create_menu_types_table', 1),
(10, '2020_10_22_035755_create_menus_table', 1),
(11, '2020_10_25_030304_create_widget_pages_table', 1),
(12, '2020_10_25_031712_create_widgets_table', 1),
(13, '2020_10_25_033839_create_widgets_data_table', 1),
(14, '2020_10_28_155607_contact_us', 1),
(15, '2020_10_29_020527_create_newsletters_table', 1),
(16, '2020_10_29_033047_create_student_password_resets_table', 1),
(17, '2020_10_29_033047_create_students_table', 1),
(18, '2020_11_08_043502_create_bookings_table', 2);

-- --------------------------------------------------------

--
-- Table structure for table `modules`
--

CREATE TABLE `modules` (
  `id` bigint(20) UNSIGNED NOT NULL,
  `name` varchar(255) COLLATE utf8_unicode_ci DEFAULT NULL,
  `term` varchar(255) COLLATE utf8_unicode_ci DEFAULT NULL,
  `slug` varchar(255) COLLATE utf8_unicode_ci DEFAULT NULL,
  `is_slug` tinyint(4) DEFAULT 0,
  `is_menu` tinyint(4) DEFAULT 0,
  `is_description` tinyint(4) DEFAULT 0,
  `is_image` tinyint(4) DEFAULT 0,
  `multi_images` varchar(255) COLLATE utf8_unicode_ci DEFAULT NULL,
  `is_seo` tinyint(4) DEFAULT 0,
  `category` tinyint(4) DEFAULT 0,
  `parent_id` int(11) DEFAULT NULL,
  `category_module_id` int(11) DEFAULT NULL,
  `multiple_category` tinyint(4) DEFAULT 0,
  `tags` tinyint(4) DEFAULT 0,
  `extra_fields` varchar(255) COLLATE utf8_unicode_ci DEFAULT NULL,
  `extra_field_title_1` varchar(255) COLLATE utf8_unicode_ci DEFAULT NULL,
  `extra_field_title_2` varchar(255) COLLATE utf8_unicode_ci DEFAULT NULL,
  `extra_field_title_3` varchar(255) COLLATE utf8_unicode_ci DEFAULT NULL,
  `extra_field_title_4` varchar(255) COLLATE utf8_unicode_ci DEFAULT NULL,
  `extra_field_title_5` varchar(255) COLLATE utf8_unicode_ci DEFAULT NULL,
  `extra_field_title_6` varchar(255) COLLATE utf8_unicode_ci DEFAULT NULL,
  `extra_field_title_7` varchar(255) COLLATE utf8_unicode_ci DEFAULT NULL,
  `extra_field_title_8` varchar(255) COLLATE utf8_unicode_ci DEFAULT NULL,
  `extra_field_title_9` varchar(255) COLLATE utf8_unicode_ci DEFAULT NULL,
  `extra_field_title_10` varchar(255) COLLATE utf8_unicode_ci DEFAULT NULL,
  `extra_field_title_11` varchar(255) COLLATE utf8_unicode_ci DEFAULT NULL,
  `extra_field_title_12` varchar(255) COLLATE utf8_unicode_ci DEFAULT NULL,
  `extra_field_title_13` varchar(255) COLLATE utf8_unicode_ci DEFAULT NULL,
  `extra_field_title_14` varchar(255) COLLATE utf8_unicode_ci DEFAULT NULL,
  `extra_field_title_15` varchar(255) COLLATE utf8_unicode_ci DEFAULT NULL,
  `thumbnail_height` varchar(255) COLLATE utf8_unicode_ci DEFAULT NULL,
  `thumbnail_width` varchar(255) COLLATE utf8_unicode_ci DEFAULT NULL,
  `status` enum('active','blocked') COLLATE utf8_unicode_ci NOT NULL DEFAULT 'active',
  `created_at` timestamp NULL DEFAULT NULL,
  `updated_at` timestamp NULL DEFAULT NULL
) ENGINE=InnoDB DEFAULT CHARSET=utf8 COLLATE=utf8_unicode_ci;

--
-- Dumping data for table `modules`
--

INSERT INTO `modules` (`id`, `name`, `term`, `slug`, `is_slug`, `is_menu`, `is_description`, `is_image`, `multi_images`, `is_seo`, `category`, `parent_id`, `category_module_id`, `multiple_category`, `tags`, `extra_fields`, `extra_field_title_1`, `extra_field_title_2`, `extra_field_title_3`, `extra_field_title_4`, `extra_field_title_5`, `extra_field_title_6`, `extra_field_title_7`, `extra_field_title_8`, `extra_field_title_9`, `extra_field_title_10`, `extra_field_title_11`, `extra_field_title_12`, `extra_field_title_13`, `extra_field_title_14`, `extra_field_title_15`, `thumbnail_height`, `thumbnail_width`, `status`, `created_at`, `updated_at`) VALUES
(1, 'CMS PAGES', 'Page', 'cms-pages', 1, 1, 1, 1, NULL, 1, 0, NULL, NULL, 0, 0, NULL, NULL, NULL, NULL, NULL, NULL, NULL, NULL, NULL, NULL, NULL, NULL, NULL, NULL, NULL, NULL, '350', '260', 'active', '2020-11-06 23:54:19', '2020-11-06 23:54:19'),
(2, 'Blog Categories', 'Blog Category', 'blog-categories', 1, 0, 0, 0, NULL, 0, 0, NULL, NULL, 0, 0, NULL, NULL, NULL, NULL, NULL, NULL, NULL, NULL, NULL, NULL, NULL, NULL, NULL, NULL, NULL, NULL, NULL, NULL, 'active', '2020-11-06 23:55:42', '2020-11-06 23:55:42'),
(3, 'Blogs', 'Blog', 'blogs', 1, 0, 1, 1, '0', 1, 1, 2, NULL, 1, 0, NULL, NULL, NULL, NULL, NULL, NULL, NULL, NULL, NULL, NULL, NULL, NULL, NULL, NULL, NULL, NULL, '500', '400', 'active', '2020-11-06 23:56:28', '2020-12-17 09:25:59'),
(4, 'Slider', 'Slider', 'slider', 0, 0, 0, 1, NULL, 0, 0, NULL, NULL, 0, 0, '3', 'Title 2', 'Button Text', 'Button Link', 'Button Link', NULL, NULL, NULL, NULL, NULL, NULL, NULL, NULL, NULL, NULL, NULL, '330', '260', 'active', '2020-11-07 09:47:50', '2020-11-07 09:48:57'),
(5, 'Hotels', 'Hotels', 'hotels', 1, 0, 1, 1, '1', 0, 0, NULL, NULL, 0, 0, '11', 'Price', 'Hotel Class', 'Rooms Type', 'TV', 'Internet', 'Room Service', 'Bar', 'Gym', 'Transport', 'Location', 'People', NULL, NULL, NULL, NULL, '330', '260', 'active', '2020-11-07 11:14:04', '2020-12-16 05:11:05'),
(6, 'Services', 'Service', 'services', 0, 0, 1, 0, NULL, 0, 0, NULL, NULL, 0, 0, '1', 'Service Icon', NULL, NULL, NULL, NULL, NULL, NULL, NULL, NULL, NULL, NULL, NULL, NULL, NULL, NULL, NULL, NULL, 'active', '2020-11-08 03:23:01', '2020-11-08 03:23:01'),
(7, 'Our Experts', 'Expert', 'our-experts', 0, 0, 0, 1, NULL, 0, 0, NULL, NULL, 0, 0, '6', 'Designation', 'Phone Number', 'Email Address', 'Twitter Link', 'Facebook Link', 'Linkedin Link', NULL, NULL, NULL, NULL, NULL, NULL, NULL, NULL, NULL, '340', '86', 'active', '2020-11-08 03:48:23', '2020-11-08 03:48:23'),
(8, 'Testimonials', 'Testimonial', 'testimonials', 0, 0, 1, 0, NULL, 0, 0, NULL, NULL, 0, 0, '2', 'Designation', 'Rating', 'Message', NULL, NULL, NULL, NULL, NULL, NULL, NULL, NULL, NULL, NULL, NULL, NULL, NULL, NULL, 'active', '2020-11-08 04:00:58', '2020-11-08 04:01:06'),
(9, 'PARTNERS', 'PARTNER', 'partners', 0, 0, 0, 1, '0', 0, 0, NULL, NULL, 0, 0, NULL, NULL, NULL, NULL, NULL, NULL, NULL, NULL, NULL, NULL, NULL, NULL, NULL, NULL, NULL, NULL, '330', '260', 'active', '2020-11-08 05:06:43', '2020-12-08 14:04:08'),
(10, 'Flights', 'Flights', 'flights', 1, 0, 1, 1, '1', 0, 0, NULL, NULL, 0, 0, '10', 'Price', 'Airline', 'Flight Type', 'Fare Type', 'Cancellation', 'Flight Change', 'Flight From', 'Flight To', 'Take Off Time', 'Landing Time', NULL, NULL, NULL, NULL, NULL, '330', '260', 'active', '2020-12-16 10:02:42', '2020-12-16 10:18:05');

-- --------------------------------------------------------

--
-- Table structure for table `modules_data`
--

CREATE TABLE `modules_data` (
  `id` bigint(20) UNSIGNED NOT NULL,
  `title` varchar(255) COLLATE utf8_unicode_ci DEFAULT NULL,
  `slug` varchar(255) COLLATE utf8_unicode_ci DEFAULT NULL,
  `module_id` bigint(20) UNSIGNED NOT NULL,
  `description` longtext COLLATE utf8_unicode_ci DEFAULT NULL,
  `category` int(11) DEFAULT NULL,
  `category_ids` varchar(255) COLLATE utf8_unicode_ci DEFAULT NULL,
  `tag_ids` varchar(255) COLLATE utf8_unicode_ci DEFAULT NULL,
  `extra_field_1` varchar(255) COLLATE utf8_unicode_ci DEFAULT NULL,
  `extra_field_2` varchar(255) COLLATE utf8_unicode_ci DEFAULT NULL,
  `extra_field_3` varchar(255) COLLATE utf8_unicode_ci DEFAULT NULL,
  `extra_field_4` varchar(255) COLLATE utf8_unicode_ci DEFAULT NULL,
  `extra_field_5` varchar(255) COLLATE utf8_unicode_ci DEFAULT NULL,
  `extra_field_6` varchar(255) COLLATE utf8_unicode_ci DEFAULT NULL,
  `extra_field_7` varchar(255) COLLATE utf8_unicode_ci DEFAULT NULL,
  `extra_field_8` varchar(255) COLLATE utf8_unicode_ci DEFAULT NULL,
  `extra_field_9` varchar(255) COLLATE utf8_unicode_ci DEFAULT NULL,
  `extra_field_10` varchar(255) COLLATE utf8_unicode_ci DEFAULT NULL,
  `extra_field_11` varchar(255) COLLATE utf8_unicode_ci DEFAULT NULL,
  `extra_field_12` varchar(255) COLLATE utf8_unicode_ci DEFAULT NULL,
  `extra_field_13` varchar(255) COLLATE utf8_unicode_ci DEFAULT NULL,
  `extra_field_14` varchar(255) COLLATE utf8_unicode_ci DEFAULT NULL,
  `extra_field_15` varchar(255) COLLATE utf8_unicode_ci DEFAULT NULL,
  `image` varchar(255) COLLATE utf8_unicode_ci DEFAULT NULL,
  `images` longtext COLLATE utf8_unicode_ci DEFAULT NULL,
  `meta_title` varchar(255) COLLATE utf8_unicode_ci DEFAULT NULL,
  `meta_keywords` varchar(255) COLLATE utf8_unicode_ci DEFAULT NULL,
  `meta_description` varchar(255) COLLATE utf8_unicode_ci DEFAULT NULL,
  `status` enum('active','blocked') COLLATE utf8_unicode_ci NOT NULL DEFAULT 'active',
  `created_at` timestamp NULL DEFAULT NULL,
  `updated_at` timestamp NULL DEFAULT NULL
) ENGINE=InnoDB DEFAULT CHARSET=utf8 COLLATE=utf8_unicode_ci;

--
-- Dumping data for table `modules_data`
--

INSERT INTO `modules_data` (`id`, `title`, `slug`, `module_id`, `description`, `category`, `category_ids`, `tag_ids`, `extra_field_1`, `extra_field_2`, `extra_field_3`, `extra_field_4`, `extra_field_5`, `extra_field_6`, `extra_field_7`, `extra_field_8`, `extra_field_9`, `extra_field_10`, `extra_field_11`, `extra_field_12`, `extra_field_13`, `extra_field_14`, `extra_field_15`, `image`, `images`, `meta_title`, `meta_keywords`, `meta_description`, `status`, `created_at`, `updated_at`) VALUES
(1, 'One Page Parallax Landing Template', NULL, 4, NULL, NULL, NULL, NULL, 'Welcome to <span>Car Rental</span> Template', 'Get Started', '#.', NULL, NULL, NULL, NULL, NULL, NULL, NULL, NULL, NULL, NULL, NULL, NULL, 'home-bg_1604760612.jpg', NULL, NULL, NULL, NULL, 'active', '2020-11-07 09:50:14', '2020-11-15 13:34:00'),
(2, 'One Page Parallax Landing Template', '-1', 4, NULL, NULL, NULL, NULL, 'Book Your <span>Trip Car</span> Today', 'Get Started', '#', NULL, NULL, NULL, NULL, NULL, NULL, NULL, NULL, NULL, NULL, NULL, NULL, 'banner2_1604760699.jpg', NULL, NULL, NULL, NULL, 'active', '2020-11-07 09:51:42', '2020-11-07 09:51:42'),
(7, 'Phone Reservation', '-6', 6, '<p>Lorem ipsum dolor sit amet, consectetur adipiscing elit pellentesque.</p>', NULL, NULL, NULL, '<i class=\"fas fa-phone-alt\"></i>', NULL, NULL, NULL, NULL, NULL, NULL, NULL, NULL, NULL, NULL, NULL, NULL, NULL, NULL, NULL, NULL, NULL, NULL, NULL, 'active', '2020-11-08 03:24:01', '2020-11-08 03:24:01'),
(8, 'Special Rates', '-7', 6, '<p>Lorem ipsum dolor sit amet, consectetur adipiscing elit pellentesque.</p>', NULL, NULL, NULL, '<i class=\"fas fa-money-bill\"></i>', NULL, NULL, NULL, NULL, NULL, NULL, NULL, NULL, NULL, NULL, NULL, NULL, NULL, NULL, NULL, NULL, NULL, NULL, NULL, 'active', '2020-11-08 03:24:38', '2020-11-08 03:24:38'),
(9, 'One Way Rental', '-8', 6, '<p>Lorem ipsum dolor sit amet, consectetur adipiscing elit pellentesque.</p>', NULL, NULL, NULL, '<i class=\"fas fa-road\"></i>', NULL, NULL, NULL, NULL, NULL, NULL, NULL, NULL, NULL, NULL, NULL, NULL, NULL, NULL, NULL, NULL, NULL, NULL, NULL, 'active', '2020-11-08 03:25:12', '2020-11-08 03:25:12'),
(10, 'Life Insurance', '-9', 6, '<p>Lorem ipsum dolor sit amet, consectetur adipiscing elit pellentesque.</p>', NULL, NULL, NULL, '<i class=\"fas fa-umbrella\"></i>', NULL, NULL, NULL, NULL, NULL, NULL, NULL, NULL, NULL, NULL, NULL, NULL, NULL, NULL, NULL, NULL, NULL, NULL, NULL, 'active', '2020-11-08 03:25:51', '2020-11-08 03:25:51'),
(11, 'City to City', '-10', 6, '<p>Lorem ipsum dolor sit amet, consectetur adipiscing elit pellentesque.</p>', NULL, NULL, NULL, '<i class=\"fas fa-building\"></i>', NULL, NULL, NULL, NULL, NULL, NULL, NULL, NULL, NULL, NULL, NULL, NULL, NULL, NULL, NULL, NULL, NULL, NULL, NULL, 'active', '2020-11-08 03:26:26', '2020-11-08 03:26:26'),
(12, 'Free Rides', '-11', 6, '<p>Lorem ipsum dolor sit amet, consectetur adipiscing elit pellentesque.</p>', NULL, NULL, NULL, '<i class=\"fas fa-car\"></i>', NULL, NULL, NULL, NULL, NULL, NULL, NULL, NULL, NULL, NULL, NULL, NULL, NULL, NULL, NULL, NULL, NULL, NULL, NULL, 'active', '2020-11-08 03:27:05', '2020-11-08 03:27:05'),
(13, 'Sophia DOE', '-12', 7, NULL, NULL, NULL, NULL, 'Support Manager', '+1-123-456-7890', 'joseph@example.com', '#', '#', '#', NULL, NULL, NULL, NULL, NULL, NULL, NULL, NULL, NULL, 'team-img1_1604825371.jpg', NULL, NULL, NULL, NULL, 'active', '2020-11-08 03:49:33', '2020-11-08 03:49:33'),
(14, 'Emily DOE', NULL, 7, NULL, NULL, NULL, NULL, 'Support Manager', '+1-123-456-7890', 'joseph@example.com', '#', '#', '#', NULL, NULL, NULL, NULL, NULL, NULL, NULL, NULL, NULL, 'team-img2_1604825454.jpg', NULL, NULL, NULL, NULL, 'active', '2020-11-08 03:49:33', '2020-11-08 03:50:55'),
(15, 'Olivia DOE', NULL, 7, NULL, NULL, NULL, NULL, 'Support Manager', '+1-123-456-7890', 'joseph@example.com', '#', '#', '#', NULL, NULL, NULL, NULL, NULL, NULL, NULL, NULL, NULL, 'team-img3_1604825464.jpg', NULL, NULL, NULL, NULL, 'active', '2020-11-08 03:49:33', '2020-11-08 03:51:14'),
(16, 'MARTIN DOE', NULL, 7, NULL, NULL, NULL, NULL, 'Support Manager', '+1-123-456-7890', 'joseph@example.com', '#', '#', '#', NULL, NULL, NULL, NULL, NULL, NULL, NULL, NULL, NULL, 'team-img4_1604825489.jpg', NULL, NULL, NULL, NULL, 'active', '2020-11-08 03:49:33', '2020-11-08 03:51:30'),
(17, 'Jhon Doe', '-13', 8, '<p>Lorem ipsum dolor sit amet, consectetur adipiscing elit. Vestibulum viverra id nunc at finibus. Etiam sollicitudin faucibus cursus. Proin luctus cursus nulla sed iaculis. Quisque vestibulum augue nec aliquet aliquet.</p>', NULL, NULL, NULL, 'CEO - Company Inc', '5', NULL, NULL, NULL, NULL, NULL, NULL, NULL, NULL, NULL, NULL, NULL, NULL, NULL, NULL, NULL, NULL, NULL, NULL, 'active', '2020-11-08 04:02:00', '2020-11-08 04:02:00'),
(18, 'Jhon Doe', NULL, 8, '<p>Lorem ipsum dolor sit amet, consectetur adipiscing elit. Vestibulum viverra id nunc at finibus. Etiam sollicitudin faucibus cursus. Proin luctus cursus nulla sed iaculis. Quisque vestibulum augue nec aliquet aliquet.</p>', NULL, NULL, NULL, 'CEO - Company Inc', '4', NULL, NULL, NULL, NULL, NULL, NULL, NULL, NULL, NULL, NULL, NULL, NULL, NULL, NULL, NULL, NULL, NULL, NULL, 'active', '2020-11-08 04:02:00', '2020-11-08 04:02:47'),
(19, 'Jhon Doe', NULL, 8, '<p>Lorem ipsum dolor sit amet, consectetur adipiscing elit. Vestibulum viverra id nunc at finibus. Etiam sollicitudin faucibus cursus. Proin luctus cursus nulla sed iaculis. Quisque vestibulum augue nec aliquet aliquet.</p>', NULL, NULL, NULL, 'CEO - Company Inc', '3', NULL, NULL, NULL, NULL, NULL, NULL, NULL, NULL, NULL, NULL, NULL, NULL, NULL, NULL, NULL, NULL, NULL, NULL, 'active', '2020-11-08 04:02:00', '2020-11-08 04:02:54'),
(20, 'Popular posts', 'popular-posts', 2, NULL, NULL, NULL, NULL, NULL, NULL, NULL, NULL, NULL, NULL, NULL, NULL, NULL, NULL, NULL, NULL, NULL, NULL, NULL, NULL, NULL, NULL, NULL, NULL, 'active', '2020-11-08 04:18:09', '2020-11-08 04:18:09'),
(21, 'Productivity', 'productivity', 2, NULL, NULL, NULL, NULL, NULL, NULL, NULL, NULL, NULL, NULL, NULL, NULL, NULL, NULL, NULL, NULL, NULL, NULL, NULL, NULL, NULL, NULL, NULL, NULL, 'active', '2020-11-08 04:18:26', '2020-11-08 04:18:26'),
(22, 'Resumes', 'resumes', 2, NULL, NULL, NULL, NULL, NULL, NULL, NULL, NULL, NULL, NULL, NULL, NULL, NULL, NULL, NULL, NULL, NULL, NULL, NULL, NULL, NULL, NULL, NULL, NULL, 'active', '2020-11-08 04:18:39', '2020-11-08 04:18:39'),
(23, 'Women', 'women', 2, NULL, NULL, NULL, NULL, NULL, NULL, NULL, NULL, NULL, NULL, NULL, NULL, NULL, NULL, NULL, NULL, NULL, NULL, NULL, NULL, NULL, NULL, NULL, NULL, 'active', '2020-11-08 04:18:52', '2020-11-08 04:18:52'),
(24, 'Top Companies', 'top-companies', 2, NULL, NULL, NULL, NULL, NULL, NULL, NULL, NULL, NULL, NULL, NULL, NULL, NULL, NULL, NULL, NULL, NULL, NULL, NULL, NULL, NULL, NULL, NULL, NULL, 'active', '2020-11-08 04:19:03', '2020-11-08 04:19:03'),
(25, 'Duis ultricies aliquet mauris', 'duis-ultricies-aliquet-mauris', 3, '<p>Lorem ipsum dolor sit amet, consectetur adipiscing elit. Mauris eu nulla eget nisl dapibus finibus. Maecenas quis sem vel neque rhoncus dignissim. Ut et eros rhoncus, gravida tellus auctor, lobortis diam. In eu porta purus, sit amet pulvinar eros. Cras accumsan dignissim convallis. Curabitur aliquam efficitur diam ac pellentesque. Fusce ac leo est.<br />\r\n<br />\r\nDuis ultricies aliquet mauris vestibulum lacinia. Nulla a nibh ipsum. In diam nisl, mattis ac magna eget, pulvinar viverra ipsum. Ut vitae diam ultrices, semper risus vitae, accumsan nunc. Suspendisse ut dolor non sem pellentesque vulputate eu ut eros. Proin mollis tortor in est semper porta. Etiam rutrum, est non pellentesque sollicitudin, ligula turpis mattis nisl, at egestas justo libero id libero. In ac pretium magna. Praesent lobortis sapien bibendum, scelerisque neque in, egestas lorem. Sed pharetra lectus a odio euismod mattis. Donec egestas ante ac magna blandit aliquet. In fringilla venenatis lacus in dictum. Donec vel lacus ut tellus feugiat ullamcorper in sit amet mauris. Sed aliquet accumsan risus in tristique. Nullam semper, massa in cursus hendrerit, turpis nibh eleifend leo, sed semper est massa vel odio.</p>', NULL, '21', NULL, NULL, NULL, NULL, NULL, NULL, NULL, NULL, NULL, NULL, NULL, NULL, NULL, NULL, NULL, NULL, 'blog-1_1608203485.jpg', 'blog-1_1608203485.jpg', 'Duis ultricies aliquet mauris', 'Duis ultricies aliquet mauris', 'Duis ultricies aliquet mauris', 'active', '2020-11-08 04:20:37', '2020-12-17 06:11:31'),
(26, 'Lorem ipsum dolor sit amet, consectetur', 'lorem-ipsum-dolor-sit-amet-consectetur', 3, '<p>Lorem ipsum dolor sit amet, consectetur adipiscing elit. Mauris eu nulla eget nisl dapibus finibus. Maecenas quis sem vel neque rhoncus dignissim. Ut et eros rhoncus, gravida tellus auctor, lobortis diam. In eu porta purus, sit amet pulvinar eros. Cras accumsan dignissim convallis. Curabitur aliquam efficitur diam ac pellentesque. Fusce ac leo est.<br />\r\n<br />\r\nDuis ultricies aliquet mauris vestibulum lacinia. Nulla a nibh ipsum. In diam nisl, mattis ac magna eget, pulvinar viverra ipsum. Ut vitae diam ultrices, semper risus vitae, accumsan nunc. Suspendisse ut dolor non sem pellentesque vulputate eu ut eros. Proin mollis tortor in est semper porta. Etiam rutrum, est non pellentesque sollicitudin, ligula turpis mattis nisl, at egestas justo libero id libero. In ac pretium magna. Praesent lobortis sapien bibendum, scelerisque neque in, egestas lorem. Sed pharetra lectus a odio euismod mattis. Donec egestas ante ac magna blandit aliquet. In fringilla venenatis lacus in dictum. Donec vel lacus ut tellus feugiat ullamcorper in sit amet mauris. Sed aliquet accumsan risus in tristique. Nullam semper, massa in cursus hendrerit, turpis nibh eleifend leo, sed semper est massa vel odio.</p>', NULL, '24', NULL, NULL, NULL, NULL, NULL, NULL, NULL, NULL, NULL, NULL, NULL, NULL, NULL, NULL, NULL, NULL, 'blog-3_1608203501.jpg', 'blog-3_1608203501.jpg', 't ullamcorper in sit amet mauris. Sed aliquet accumsan risus in tristique. Nullam semper, massa in cursus hendrerit, turpis nibh eleifend leo, sed semper est massa vel odio.', 't ullamcorper in sit amet mauris. Sed aliquet accumsan risus in tristique. Nullam semper, massa in cursus hendrerit, turpis nibh eleifend leo, sed semper est massa vel odio.', 't ullamcorper in sit amet mauris. Sed aliquet accumsan risus in tristique. Nullam semper, massa in cursus hendrerit, turpis nibh eleifend leo, sed semper est massa vel odio.', 'active', '2020-11-08 04:21:42', '2020-12-17 06:11:43'),
(27, '1', NULL, 9, NULL, NULL, NULL, NULL, NULL, NULL, NULL, NULL, NULL, NULL, NULL, NULL, NULL, NULL, NULL, NULL, NULL, NULL, NULL, 'comp-logo_1607488714.png', 'comp-logo_1607488714.png', NULL, NULL, NULL, 'active', '2020-11-08 05:07:21', '2020-12-09 09:38:38'),
(28, '2', NULL, 9, NULL, NULL, NULL, NULL, NULL, NULL, NULL, NULL, NULL, NULL, NULL, NULL, NULL, NULL, NULL, NULL, NULL, NULL, NULL, 'comp-logo_1607488741.png', 'comp-logo_1607488741.png', NULL, NULL, NULL, 'active', '2020-11-08 05:07:35', '2020-12-09 09:39:03'),
(29, '3', NULL, 9, NULL, NULL, NULL, NULL, NULL, NULL, NULL, NULL, NULL, NULL, NULL, NULL, NULL, NULL, NULL, NULL, NULL, NULL, NULL, 'comp-logo_1607488756.png', 'comp-logo_1607488756.png', NULL, NULL, NULL, 'active', '2020-11-08 05:07:52', '2020-12-09 09:39:18'),
(30, 'Blog', 'blog', 1, '<p>Blog</p>', NULL, NULL, NULL, NULL, NULL, NULL, NULL, NULL, NULL, NULL, NULL, NULL, NULL, NULL, NULL, NULL, NULL, NULL, NULL, NULL, NULL, NULL, NULL, 'active', '2020-11-08 05:34:06', '2020-11-08 05:34:06'),
(31, 'Cars', 'cars', 1, '<p>Cars</p>', NULL, NULL, NULL, NULL, NULL, NULL, NULL, NULL, NULL, NULL, NULL, NULL, NULL, NULL, NULL, NULL, NULL, NULL, NULL, NULL, NULL, NULL, NULL, 'active', '2020-11-11 15:40:54', '2020-11-11 15:40:54'),
(32, '4', NULL, 9, NULL, NULL, NULL, NULL, NULL, NULL, NULL, NULL, NULL, NULL, NULL, NULL, NULL, NULL, NULL, NULL, NULL, NULL, NULL, 'comp-logo_1607488770.png', 'comp-logo_1607488770.png', NULL, NULL, NULL, 'active', '2020-12-08 13:55:33', '2020-12-09 09:39:33'),
(33, 'Paris International Hotel', 'paris-international-hotel', 5, '<h3>General Information About Us</h3>\r\n\r\n<p>Lorem ipsum dolor sit amet, consectetur adipiscing elit. Nulla iaculis convallis arcu. Aliquam eget consectetur orci, vitae ultrices ex. Pellentesque in sagittis odio, sed bibendum sem. Etiam nisi sem, molestie at risus eu, feugiat ullamcorper eros. Aenean urna nisi, laoreet non tempus vel, viverra eget massa. Vivamus id purus ac neque placerat mollis nec vitae velit. Mauris venenatis venenatis enim nec mollis. Pellentesque habitant morbi tristique senectus et netus et malesuada fames ac turpis egestas. Nulla commodo dui enim, ac ultricies diam hendrerit vitae. Donec pellentesque tincidunt velit, eget lacinia ipsum. Nulla mattis tellus sed urna aliquet molestie. Praesent eget placerat mauris.</p>\r\n\r\n<p>Curabitur nibh urna, vestibulum eu laoreet ut, iaculis vel neque. Praesent gravida elit sed lacus volutpat ultrices. Aenean vitae auctor ipsum, at dignissim sem. Maecenas pellentesque lacinia pulvinar. Donec bibendum nibh nec odio faucibus, eget viverra enim euismod. Fusce vestibulum nibh ipsum, quis maximus lorem sagittis ac. Ut non varius velit. Phasellus ligula est, egestas sit amet tellus nec, rhoncus dignissim sapien. Sed suscipit varius nibh, at varius augue suscipit eu. Aenean id luctus libero, vel pellentesque sem. Nunc pharetra egestas nunc, eu ullamcorper neque sodales eu. Nam posuere dui quis nisl fringilla tincidunt. Interdum et malesuada fames ac ante ipsum primis in faucibus.</p>', NULL, NULL, NULL, '$850', '4 Star', 'Master', 'Yes', 'Yes', 'Included', 'No', 'Yes', 'Optional', 'Paris, France', '2 Adults', NULL, NULL, NULL, NULL, '05_cms_1608113133.jpg', '02_cms_1608113133.jpg,03_cms_1608113133.jpg,01_cms_1608113133.jpg,04_cms_1608113133.jpg,05_cms_1608113133.jpg', NULL, NULL, NULL, 'active', '2020-12-16 05:05:55', '2020-12-16 05:11:21'),
(34, 'Monaco Hotel', 'monaco-hotel', 5, '<h3>General Information About Us</h3>\r\n\r\n<p>Lorem ipsum dolor sit amet, consectetur adipiscing elit. Nulla iaculis convallis arcu. Aliquam eget consectetur orci, vitae ultrices ex. Pellentesque in sagittis odio, sed bibendum sem. Etiam nisi sem, molestie at risus eu, feugiat ullamcorper eros. Aenean urna nisi, laoreet non tempus vel, viverra eget massa. Vivamus id purus ac neque placerat mollis nec vitae velit. Mauris venenatis venenatis enim nec mollis. Pellentesque habitant morbi tristique senectus et netus et malesuada fames ac turpis egestas. Nulla commodo dui enim, ac ultricies diam hendrerit vitae. Donec pellentesque tincidunt velit, eget lacinia ipsum. Nulla mattis tellus sed urna aliquet molestie. Praesent eget placerat mauris.</p>\r\n\r\n<p>Curabitur nibh urna, vestibulum eu laoreet ut, iaculis vel neque. Praesent gravida elit sed lacus volutpat ultrices. Aenean vitae auctor ipsum, at dignissim sem. Maecenas pellentesque lacinia pulvinar. Donec bibendum nibh nec odio faucibus, eget viverra enim euismod. Fusce vestibulum nibh ipsum, quis maximus lorem sagittis ac. Ut non varius velit. Phasellus ligula est, egestas sit amet tellus nec, rhoncus dignissim sapien. Sed suscipit varius nibh, at varius augue suscipit eu. Aenean id luctus libero, vel pellentesque sem. Nunc pharetra egestas nunc, eu ullamcorper neque sodales eu. Nam posuere dui quis nisl fringilla tincidunt. Interdum et malesuada fames ac ante ipsum primis in faucibus.</p>', NULL, NULL, NULL, '750', '5 Star', 'Double', 'Yes', 'Yes', 'Included', 'Yes', 'Yes', 'Yes', 'XYZ, Monaco', '2 Adults, 1 Child', NULL, NULL, NULL, NULL, '03_cms_1608129090.jpg', '01_cms_1608129085.jpg,02_cms_1608129090.jpg,04_cms_1608129090.jpg,03_cms_1608129090.jpg', NULL, NULL, NULL, 'active', '2020-12-16 09:31:56', '2020-12-16 09:31:56'),
(35, 'PC Hotel', 'pc-hotel', 5, '<h3>General Information About Us</h3>\r\n\r\n<p>Lorem ipsum dolor sit amet, consectetur adipiscing elit. Nulla iaculis convallis arcu. Aliquam eget consectetur orci, vitae ultrices ex. Pellentesque in sagittis odio, sed bibendum sem. Etiam nisi sem, molestie at risus eu, feugiat ullamcorper eros. Aenean urna nisi, laoreet non tempus vel, viverra eget massa. Vivamus id purus ac neque placerat mollis nec vitae velit. Mauris venenatis venenatis enim nec mollis. Pellentesque habitant morbi tristique senectus et netus et malesuada fames ac turpis egestas. Nulla commodo dui enim, ac ultricies diam hendrerit vitae. Donec pellentesque tincidunt velit, eget lacinia ipsum. Nulla mattis tellus sed urna aliquet molestie. Praesent eget placerat mauris.</p>\r\n\r\n<p>Curabitur nibh urna, vestibulum eu laoreet ut, iaculis vel neque. Praesent gravida elit sed lacus volutpat ultrices. Aenean vitae auctor ipsum, at dignissim sem. Maecenas pellentesque lacinia pulvinar. Donec bibendum nibh nec odio faucibus, eget viverra enim euismod. Fusce vestibulum nibh ipsum, quis maximus lorem sagittis ac. Ut non varius velit. Phasellus ligula est, egestas sit amet tellus nec, rhoncus dignissim sapien. Sed suscipit varius nibh, at varius augue suscipit eu. Aenean id luctus libero, vel pellentesque sem. Nunc pharetra egestas nunc, eu ullamcorper neque sodales eu. Nam posuere dui quis nisl fringilla tincidunt. Interdum et malesuada fames ac ante ipsum primis in faucibus.</p>', NULL, NULL, NULL, '$950', '5 Star', 'Double', 'Yes', 'Yes', 'Included', 'Yes', 'Yes', 'Optional', 'XYZ, United Kingdom', 'Upto 4 Adults', NULL, NULL, NULL, NULL, '04_cms_1608129467.jpg', '01_cms_1608129460.jpg,02_cms_1608129464.jpg,04_cms_1608129467.jpg', NULL, NULL, NULL, 'active', '2020-12-16 09:37:58', '2020-12-16 09:37:58'),
(36, 'Gulberg continental Hotel', 'gulberg-continental-hotel', 5, '<h3>General Information About Us</h3>\r\n\r\n<p>Lorem ipsum dolor sit amet, consectetur adipiscing elit. Nulla iaculis convallis arcu. Aliquam eget consectetur orci, vitae ultrices ex. Pellentesque in sagittis odio, sed bibendum sem. Etiam nisi sem, molestie at risus eu, feugiat ullamcorper eros. Aenean urna nisi, laoreet non tempus vel, viverra eget massa. Vivamus id purus ac neque placerat mollis nec vitae velit. Mauris venenatis venenatis enim nec mollis. Pellentesque habitant morbi tristique senectus et netus et malesuada fames ac turpis egestas. Nulla commodo dui enim, ac ultricies diam hendrerit vitae. Donec pellentesque tincidunt velit, eget lacinia ipsum. Nulla mattis tellus sed urna aliquet molestie. Praesent eget placerat mauris.</p>\r\n\r\n<p>Curabitur nibh urna, vestibulum eu laoreet ut, iaculis vel neque. Praesent gravida elit sed lacus volutpat ultrices. Aenean vitae auctor ipsum, at dignissim sem. Maecenas pellentesque lacinia pulvinar. Donec bibendum nibh nec odio faucibus, eget viverra enim euismod. Fusce vestibulum nibh ipsum, quis maximus lorem sagittis ac. Ut non varius velit. Phasellus ligula est, egestas sit amet tellus nec, rhoncus dignissim sapien. Sed suscipit varius nibh, at varius augue suscipit eu. Aenean id luctus libero, vel pellentesque sem. Nunc pharetra egestas nunc, eu ullamcorper neque sodales eu. Nam posuere dui quis nisl fringilla tincidunt. Interdum et malesuada fames ac ante ipsum primis in faucibus.</p>', NULL, NULL, NULL, '$999', '5 Star', 'Master', 'Yes', 'Yes', 'Included', 'Yes', 'Yes', 'Yes', 'Lahore, Pakistan', '2 Adults, 1 Child', NULL, NULL, NULL, NULL, '07_cms_1608129951.jpg', '08_cms_1608129951.jpg,06_cms_1608129951.jpg,07_cms_1608129951.jpg', NULL, NULL, NULL, 'active', '2020-12-16 09:46:00', '2020-12-16 09:46:00'),
(37, 'Cheap Flights To Paris', 'cheap-flights-to-paris', 10, '<h3>General Information About Us</h3>\r\n\r\n<p>Lorem ipsum dolor sit amet, consectetur adipiscing elit. Nulla iaculis convallis arcu. Aliquam eget consectetur orci, vitae ultrices ex. Pellentesque in sagittis odio, sed bibendum sem. Etiam nisi sem, molestie at risus eu, feugiat ullamcorper eros. Aenean urna nisi, laoreet non tempus vel, viverra eget massa. Vivamus id purus ac neque placerat mollis nec vitae velit. Mauris venenatis venenatis enim nec mollis. Pellentesque habitant morbi tristique senectus et netus et malesuada fames ac turpis egestas. Nulla commodo dui enim, ac ultricies diam hendrerit vitae. Donec pellentesque tincidunt velit, eget lacinia ipsum. Nulla mattis tellus sed urna aliquet molestie. Praesent eget placerat mauris.</p>\r\n\r\n<p>Curabitur nibh urna, vestibulum eu laoreet ut, iaculis vel neque. Praesent gravida elit sed lacus volutpat ultrices. Aenean vitae auctor ipsum, at dignissim sem. Maecenas pellentesque lacinia pulvinar. Donec bibendum nibh nec odio faucibus, eget viverra enim euismod. Fusce vestibulum nibh ipsum, quis maximus lorem sagittis ac. Ut non varius velit. Phasellus ligula est, egestas sit amet tellus nec, rhoncus dignissim sapien. Sed suscipit varius nibh, at varius augue suscipit eu. Aenean id luctus libero, vel pellentesque sem. Nunc pharetra egestas nunc, eu ullamcorper neque sodales eu. Nam posuere dui quis nisl fringilla tincidunt. Interdum et malesuada fames ac ante ipsum primis in faucibus.</p>', NULL, NULL, NULL, '$500', 'Emirates', 'Economy', 'Refundable', '$58 / Head', '$69 / Head', 'London', 'Paris', '8:00 PM GMT', '11:00 AM GMT', NULL, NULL, NULL, NULL, NULL, 'flight-1_cms_1608136018.jpg', 'flight-2_cms_1608136018.jpg,flight-3_cms_1608136018.jpg,flight-1_cms_1608136018.jpg', NULL, NULL, NULL, 'active', '2020-12-16 11:27:08', '2020-12-16 11:27:08'),
(38, 'Flights to London', 'flights-to-london', 10, '<h3>General Information About Us</h3>\r\n\r\n<p>Lorem ipsum dolor sit amet, consectetur adipiscing elit. Nulla iaculis convallis arcu. Aliquam eget consectetur orci, vitae ultrices ex. Pellentesque in sagittis odio, sed bibendum sem. Etiam nisi sem, molestie at risus eu, feugiat ullamcorper eros. Aenean urna nisi, laoreet non tempus vel, viverra eget massa. Vivamus id purus ac neque placerat mollis nec vitae velit. Mauris venenatis venenatis enim nec mollis. Pellentesque habitant morbi tristique senectus et netus et malesuada fames ac turpis egestas. Nulla commodo dui enim, ac ultricies diam hendrerit vitae. Donec pellentesque tincidunt velit, eget lacinia ipsum. Nulla mattis tellus sed urna aliquet molestie. Praesent eget placerat mauris.</p>\r\n\r\n<p>Curabitur nibh urna, vestibulum eu laoreet ut, iaculis vel neque. Praesent gravida elit sed lacus volutpat ultrices. Aenean vitae auctor ipsum, at dignissim sem. Maecenas pellentesque lacinia pulvinar. Donec bibendum nibh nec odio faucibus, eget viverra enim euismod. Fusce vestibulum nibh ipsum, quis maximus lorem sagittis ac. Ut non varius velit. Phasellus ligula est, egestas sit amet tellus nec, rhoncus dignissim sapien. Sed suscipit varius nibh, at varius augue suscipit eu. Aenean id luctus libero, vel pellentesque sem. Nunc pharetra egestas nunc, eu ullamcorper neque sodales eu. Nam posuere dui quis nisl fringilla tincidunt. Interdum et malesuada fames ac ante ipsum primis in faucibus.</p>', NULL, NULL, NULL, '$650', 'American', 'Economy', 'Refundable', '$58 / Head', '$69 / Head', 'New York', 'London', '8:00 PM GMT', '11:00 AM GMT', NULL, NULL, NULL, NULL, NULL, 'flight-5_cms_1608137068.jpg', 'flight-2_cms_1608137068.jpg,flight-4_cms_1608137068.jpg,flight-5_cms_1608137068.jpg', NULL, NULL, NULL, 'active', '2020-12-16 11:44:46', '2020-12-16 11:44:46');

-- --------------------------------------------------------

--
-- Table structure for table `newsletters`
--

CREATE TABLE `newsletters` (
  `id` bigint(20) UNSIGNED NOT NULL,
  `email` varchar(255) COLLATE utf8_unicode_ci DEFAULT NULL,
  `status` enum('active','blocked') COLLATE utf8_unicode_ci NOT NULL DEFAULT 'active',
  `created_at` timestamp NULL DEFAULT NULL,
  `updated_at` timestamp NULL DEFAULT NULL
) ENGINE=InnoDB DEFAULT CHARSET=utf8 COLLATE=utf8_unicode_ci;

--
-- Dumping data for table `newsletters`
--

INSERT INTO `newsletters` (`id`, `email`, `status`, `created_at`, `updated_at`) VALUES
(1, 'intiahmad91@gmail.com', 'active', '2020-11-08 04:49:26', '2020-11-08 04:49:26'),
(2, 'intiahmad91@gmail.com', 'active', '2020-11-08 04:49:26', '2020-11-08 04:49:26'),
(3, 'admin@demo.com', 'active', '2020-11-08 04:50:21', '2020-11-08 04:50:21');

-- --------------------------------------------------------

--
-- Table structure for table `tags`
--

CREATE TABLE `tags` (
  `id` bigint(20) UNSIGNED NOT NULL,
  `title` varchar(255) COLLATE utf8_unicode_ci DEFAULT NULL,
  `slug` varchar(255) COLLATE utf8_unicode_ci DEFAULT NULL,
  `status` enum('active','blocked') COLLATE utf8_unicode_ci NOT NULL DEFAULT 'active',
  `created_at` timestamp NULL DEFAULT NULL,
  `updated_at` timestamp NULL DEFAULT NULL
) ENGINE=InnoDB DEFAULT CHARSET=utf8 COLLATE=utf8_unicode_ci;

-- --------------------------------------------------------

--
-- Table structure for table `widgets`
--

CREATE TABLE `widgets` (
  `id` bigint(20) UNSIGNED NOT NULL,
  `title` varchar(255) COLLATE utf8_unicode_ci DEFAULT NULL,
  `widget_page_id` bigint(20) UNSIGNED NOT NULL,
  `is_description` longtext COLLATE utf8_unicode_ci DEFAULT NULL,
  `extra_fields` longtext COLLATE utf8_unicode_ci DEFAULT NULL,
  `extra_field_title_1` varchar(255) COLLATE utf8_unicode_ci DEFAULT NULL,
  `extra_field_title_2` varchar(255) COLLATE utf8_unicode_ci DEFAULT NULL,
  `extra_field_title_3` varchar(255) COLLATE utf8_unicode_ci DEFAULT NULL,
  `extra_field_title_4` varchar(255) COLLATE utf8_unicode_ci DEFAULT NULL,
  `extra_field_title_5` varchar(255) COLLATE utf8_unicode_ci DEFAULT NULL,
  `extra_field_title_6` varchar(255) COLLATE utf8_unicode_ci DEFAULT NULL,
  `extra_field_title_7` varchar(255) COLLATE utf8_unicode_ci DEFAULT NULL,
  `extra_field_title_8` varchar(255) COLLATE utf8_unicode_ci DEFAULT NULL,
  `is_extra_image_title_1` varchar(255) COLLATE utf8_unicode_ci DEFAULT NULL,
  `extra_image_title_1` varchar(255) COLLATE utf8_unicode_ci DEFAULT NULL,
  `extra_image_1_height` varchar(255) COLLATE utf8_unicode_ci DEFAULT NULL,
  `extra_image_1_width` varchar(255) COLLATE utf8_unicode_ci DEFAULT NULL,
  `is_extra_image_title_2` varchar(255) COLLATE utf8_unicode_ci DEFAULT NULL,
  `extra_image_title_2` varchar(255) COLLATE utf8_unicode_ci DEFAULT NULL,
  `extra_image_2_height` varchar(255) COLLATE utf8_unicode_ci DEFAULT NULL,
  `extra_image_2_width` varchar(255) COLLATE utf8_unicode_ci DEFAULT NULL,
  `radio_buttons` varchar(255) COLLATE utf8_unicode_ci DEFAULT NULL,
  `radio_button_title_1` varchar(255) COLLATE utf8_unicode_ci DEFAULT NULL,
  `radio_button_title_2` varchar(255) COLLATE utf8_unicode_ci DEFAULT NULL,
  `radio_button_title_3` varchar(255) COLLATE utf8_unicode_ci DEFAULT NULL,
  `is_bullets` varchar(255) COLLATE utf8_unicode_ci DEFAULT NULL,
  `status` enum('active','blocked') COLLATE utf8_unicode_ci NOT NULL DEFAULT 'active',
  `created_at` timestamp NULL DEFAULT NULL,
  `updated_at` timestamp NULL DEFAULT NULL
) ENGINE=InnoDB DEFAULT CHARSET=utf8 COLLATE=utf8_unicode_ci;

--
-- Dumping data for table `widgets`
--

INSERT INTO `widgets` (`id`, `title`, `widget_page_id`, `is_description`, `extra_fields`, `extra_field_title_1`, `extra_field_title_2`, `extra_field_title_3`, `extra_field_title_4`, `extra_field_title_5`, `extra_field_title_6`, `extra_field_title_7`, `extra_field_title_8`, `is_extra_image_title_1`, `extra_image_title_1`, `extra_image_1_height`, `extra_image_1_width`, `is_extra_image_title_2`, `extra_image_title_2`, `extra_image_2_height`, `extra_image_2_width`, `radio_buttons`, `radio_button_title_1`, `radio_button_title_2`, `radio_button_title_3`, `is_bullets`, `status`, `created_at`, `updated_at`) VALUES
(1, 'Site Setting', 1, '0', '4', 'Site Slogan', 'Site Email Address', 'Site Phone Number', 'Site Address', NULL, NULL, NULL, NULL, '1', 'Header Logo', '250', '200', '1', 'Favicon', '16', '16', '1', 'Home Page Slider', NULL, NULL, '0', 'active', '2020-11-06 22:09:32', '2020-11-09 22:35:57'),
(3, 'Type Writer', 2, '1', '7', 'Type Writer', 'Type Writer Text 1', 'Type Writer Text 2', 'Type Writer Text 3', 'Heading', 'Button Text', 'Button Link', NULL, '1', 'Type Writer Image', '250', '200', '0', NULL, NULL, NULL, NULL, NULL, NULL, NULL, '0', 'active', '2020-11-07 00:10:00', '2020-11-07 00:10:07'),
(5, 'After Booking Form Text', 2, '1', '2', 'Heading in Black', 'Heading in Yellow', NULL, NULL, NULL, NULL, NULL, NULL, '0', NULL, NULL, NULL, '0', NULL, NULL, NULL, NULL, NULL, NULL, NULL, '0', 'active', '2020-11-07 00:18:01', '2020-11-07 00:18:01'),
(6, 'YOUR TRAVEL VIDEO', 2, '1', '4', 'Heading', 'Button Text', 'Button Link', 'Video Link', NULL, NULL, NULL, NULL, '1', 'Upload Image', '250', '200', '0', NULL, NULL, NULL, NULL, NULL, NULL, NULL, '0', 'active', '2020-11-07 00:26:00', '2020-12-15 14:14:28'),
(7, 'ABOUT TRAVEL IN TEMPLATE', 2, '1', '2', 'Heading', 'Under Heading Content', 'First Icon', 'Second Icon', 'Third Icon', 'Fourth Icon', NULL, NULL, '1', 'Upload Image', '250', '200', '0', NULL, NULL, NULL, NULL, NULL, NULL, NULL, '1', 'active', '2020-11-07 06:58:31', '2020-12-16 11:56:47'),
(8, 'Counters', 2, '0', '8', '1st Counter Title', '1st Counter', '2nd Counter Title', '2nd Counter', '3rd Counter Title', '3rd Counter', '4th Counter Title', '4th Counter', '1', 'Upload Image', '250', '200', '0', NULL, NULL, NULL, NULL, NULL, NULL, NULL, '0', 'active', '2020-11-08 03:11:55', '2020-11-08 03:14:32'),
(9, 'CAR RENTAL SERVICES', 2, '1', '1', 'Heading', NULL, NULL, NULL, NULL, NULL, NULL, NULL, '0', NULL, NULL, NULL, '0', NULL, NULL, NULL, NULL, NULL, NULL, NULL, '0', 'active', '2020-11-08 03:21:03', '2020-11-08 03:21:03'),
(10, 'Get Started Today', 2, '1', '3', 'Heading', 'Button Text', 'Button Link', NULL, NULL, NULL, NULL, NULL, '1', 'Upload Image', '250', '200', '0', NULL, NULL, NULL, NULL, NULL, NULL, NULL, '0', 'active', '2020-11-08 03:39:50', '2020-11-08 03:39:50'),
(11, 'Customer Support Center', 2, '1', '1', 'Heading', NULL, NULL, NULL, NULL, NULL, NULL, NULL, '0', NULL, NULL, NULL, '0', NULL, NULL, NULL, NULL, NULL, NULL, NULL, '0', 'active', '2020-11-08 03:43:03', '2020-11-08 03:43:51'),
(12, 'Testimonials', 2, '0', '1', 'Heading', NULL, NULL, NULL, NULL, NULL, NULL, NULL, '1', 'Upload Image', '250', '200', '0', NULL, NULL, NULL, NULL, NULL, NULL, NULL, '0', 'active', '2020-11-08 03:57:43', '2020-11-08 03:58:24'),
(13, 'Latest Blog', 2, '1', '1', 'Heading', NULL, NULL, NULL, NULL, NULL, NULL, NULL, '0', NULL, NULL, NULL, '0', NULL, NULL, NULL, NULL, NULL, NULL, NULL, '0', 'active', '2020-11-08 04:15:14', '2020-11-08 04:15:14'),
(14, 'Newsletter', 2, '1', '1', 'Heading', NULL, NULL, NULL, NULL, NULL, NULL, NULL, '0', NULL, NULL, NULL, '0', NULL, NULL, NULL, NULL, NULL, NULL, NULL, '0', 'active', '2020-11-08 04:44:36', '2020-11-08 04:44:36'),
(15, 'Contact Us', 2, '1', '1', 'Heading', NULL, NULL, NULL, NULL, NULL, NULL, NULL, '0', NULL, NULL, NULL, '0', NULL, NULL, NULL, NULL, NULL, NULL, NULL, '0', 'active', '2020-11-08 04:57:08', '2020-11-08 04:57:08'),
(16, 'Our Partners', 2, '1', '1', 'Heading', NULL, NULL, NULL, NULL, NULL, NULL, NULL, '0', NULL, NULL, NULL, '0', NULL, NULL, NULL, NULL, NULL, NULL, NULL, '0', 'active', '2020-11-08 05:04:33', '2020-11-08 05:04:33'),
(17, 'Geo Location API KEYs', 1, '0', '1', 'API KEy', NULL, NULL, NULL, NULL, NULL, NULL, NULL, '0', NULL, NULL, NULL, '0', NULL, NULL, NULL, NULL, NULL, NULL, NULL, '0', 'active', '2020-11-09 22:26:04', '2020-11-09 22:26:04'),
(18, 'Home Flights Section', 2, '1', '1', 'Title', NULL, NULL, NULL, NULL, NULL, NULL, NULL, '0', NULL, NULL, NULL, '0', NULL, NULL, NULL, NULL, NULL, NULL, NULL, '0', 'active', '2020-12-17 09:27:07', '2020-12-17 09:27:55');

-- --------------------------------------------------------

--
-- Table structure for table `widgets_data`
--

CREATE TABLE `widgets_data` (
  `id` bigint(20) UNSIGNED NOT NULL,
  `title` varchar(255) COLLATE utf8_unicode_ci DEFAULT NULL,
  `widget_id` bigint(20) UNSIGNED NOT NULL,
  `description` longtext COLLATE utf8_unicode_ci DEFAULT NULL,
  `extra_field_1` varchar(255) COLLATE utf8_unicode_ci DEFAULT NULL,
  `extra_field_2` varchar(255) COLLATE utf8_unicode_ci DEFAULT NULL,
  `extra_field_3` varchar(255) COLLATE utf8_unicode_ci DEFAULT NULL,
  `extra_field_4` varchar(255) COLLATE utf8_unicode_ci DEFAULT NULL,
  `extra_field_5` varchar(255) COLLATE utf8_unicode_ci DEFAULT NULL,
  `extra_field_6` varchar(255) COLLATE utf8_unicode_ci DEFAULT NULL,
  `extra_field_7` varchar(255) COLLATE utf8_unicode_ci DEFAULT NULL,
  `extra_field_8` varchar(255) COLLATE utf8_unicode_ci DEFAULT NULL,
  `extra_image_1` varchar(255) COLLATE utf8_unicode_ci DEFAULT NULL,
  `extra_image_2` varchar(255) COLLATE utf8_unicode_ci DEFAULT NULL,
  `radio_button_1` tinyint(4) DEFAULT 0,
  `radio_button_2` tinyint(4) DEFAULT 0,
  `radio_button_3` tinyint(4) DEFAULT 0,
  `bullets` longtext COLLATE utf8_unicode_ci DEFAULT NULL,
  `status` enum('active','blocked') COLLATE utf8_unicode_ci NOT NULL DEFAULT 'active',
  `created_at` timestamp NULL DEFAULT NULL,
  `updated_at` timestamp NULL DEFAULT NULL
) ENGINE=InnoDB DEFAULT CHARSET=utf8 COLLATE=utf8_unicode_ci;

--
-- Dumping data for table `widgets_data`
--

INSERT INTO `widgets_data` (`id`, `title`, `widget_id`, `description`, `extra_field_1`, `extra_field_2`, `extra_field_3`, `extra_field_4`, `extra_field_5`, `extra_field_6`, `extra_field_7`, `extra_field_8`, `extra_image_1`, `extra_image_2`, `radio_button_1`, `radio_button_2`, `radio_button_3`, `bullets`, `status`, `created_at`, `updated_at`) VALUES
(1, NULL, 3, 'Lorem ipsum dolor sit amet, consectetur adipiscing elit.', 'What we offer?', 'Car Rental', 'Special Rates', 'Hotel Booking', 'Welcome to Travel In Template!', 'Book Your Holiday', 'hotels', NULL, 'home-bg_1608062328.jpg', NULL, NULL, NULL, NULL, NULL, 'active', '2020-11-07 00:12:54', '2020-12-17 09:29:56'),
(3, NULL, 5, 'Lorem ipsum dolor sit amet, consectetur adipiscing elit. Fusce aliquet, massa ac ornare feugiat, nunc dui auctor ipsum, sed posuere eros sapien id quam. Maecenas odio nisi, efficitur eget', 'BEST HOLIDAY', 'PACKAGES', NULL, NULL, NULL, NULL, NULL, NULL, NULL, NULL, NULL, NULL, NULL, NULL, 'active', '2020-11-07 00:18:29', '2020-12-15 13:58:18'),
(4, NULL, 6, 'Lorem ipsum dolor sit amet, consectetur adipiscing elit. Vivamus tincidunt mauris est, in faucibus dui viverra et. Aliquam finibus vestibulum elit, at pharetra nisl congue vel. Nunc pretium posuere justo pretium fringilla. Sed volutpat risus non rhoncus convallis. Sed fermentum est at hendrerit pellentesque. Mauris nec leo euismod, sagittis mauris in, posuere est...', 'YOUR TRAVEL VIDEO', 'Read More', '#', 'https://player.vimeo.com/video/54802209', NULL, NULL, NULL, NULL, 'videobg_1608101596.jpg', NULL, NULL, NULL, NULL, '[{\"bullets\":\"Neomejeno \\u0161tevilo besed Neomejeno \\u0161tevilo besed\"},{\"bullets\":\"adfadfa\"}]', 'active', '2020-11-07 00:27:51', '2020-12-16 01:53:19'),
(5, NULL, 1, NULL, 'Travel In', 'info@travelin.com', '+9212345678', 'Islamabad, Pakistan', NULL, NULL, NULL, NULL, 'logo_1705920213.png', 'logo_1604757154.png', 0, NULL, NULL, NULL, 'active', '2020-11-07 06:42:36', '2024-01-22 05:43:35'),
(6, NULL, 7, 'Lorem ipsum dolor sit amet, consectetuer adipiscing elit, sed diam nonummy nibh euismod tincidunt ut laoreet dolore magna aliquam erat volutpat.\r\n\r\nUt wisi enim ad minim veniam, quis nostrud exerci tation ullamcorper suscipit lobortis nisl ut aliquip ex ea commodo consequat.', 'ABOUT TRAVEL IN TEMPLATE', 'Lorem ipsum dolor sit amet, consectetur adipiscing elit. Fusce aliquet, massa ac ornare feugiat, nunc dui auctor ipsum, sed posuere eros sapien id quam. Maecenas odio nisi, efficitur eget', 'Mauris convallis felis', 'Mauris convallis felis', 'Mauris convallis felis', NULL, NULL, NULL, 'about-travel_1608101920.jpg', NULL, NULL, NULL, NULL, '[{\"bullets\":\"Lorem ipsum dolor sit amet, consectetur adipiscing elit.\"},{\"bullets\":\"Sed a mauris at ex lobortis hendrerit in nec felis.\"},{\"bullets\":\"Nunc sed urna sit amet sapien rhoncus pretium congue id sem.\"},{\"bullets\":\"Vivamus sagittis sapien a tellus consequat rutrum.\"},{\"bullets\":\"Mauris at justo malesuada ligula accumsan tincidunt quis efficitur orci.\"}]', 'active', '2020-11-07 07:12:10', '2020-12-16 01:58:49'),
(7, NULL, 8, NULL, 'HAPPY CLIENT', '499', 'CARS', '199', 'DESTINATIONS', '50', 'AWARDS', '199', 'counter-bg_1604823383.jpg', NULL, NULL, NULL, NULL, NULL, 'active', '2020-11-08 03:13:47', '2020-11-08 03:16:25'),
(8, NULL, 9, 'Lorem ipsum dolor sit amet, consectetur adipiscing elit. Fusce aliquet, massa ac ornare feugiat, nunc dui auctor ipsum, sed posuere eros sapien id quam. Maecenas odio nisi, efficitur eget', 'TRAVEL IN <span>Services</span>', NULL, NULL, NULL, NULL, NULL, NULL, NULL, NULL, NULL, NULL, NULL, NULL, NULL, 'active', '2020-11-08 03:21:37', '2020-12-15 14:03:46'),
(9, NULL, 10, 'Sed sed neque laoreet, rhoncus libero id, pharetra est. Sed ut neque est. Maecenas et est sagittis, mollis risus dignissim, mattis dolor.', 'Get Started Today', 'Purchase Now', '#', NULL, NULL, NULL, NULL, NULL, 'tagline-bg_1604824847.jpg', NULL, NULL, NULL, NULL, NULL, 'active', '2020-11-08 03:40:54', '2020-11-08 03:40:54'),
(10, NULL, 11, 'Lorem ipsum dolor sit amet, consectetur adipiscing elit. Fusce aliquet, massa ac ornare feugiat, nunc dui auctor ipsum, sed posuere eros sapien id quam. Maecenas odio nisi, efficitur eget.', 'Customer <span>Suport</span> Center', NULL, NULL, NULL, NULL, NULL, NULL, NULL, NULL, NULL, NULL, NULL, NULL, NULL, 'active', '2020-11-08 03:44:35', '2020-11-08 03:44:35'),
(11, NULL, 12, NULL, 'TESTIMONIALS', NULL, NULL, NULL, NULL, NULL, NULL, NULL, 'testimonial-bg_1604825922.jpg', NULL, NULL, NULL, NULL, NULL, 'active', '2020-11-08 03:58:44', '2020-11-08 03:58:44'),
(12, NULL, 13, 'Lorem ipsum dolor sit amet, consectetur adipiscing elit.', 'Latest From <span>Blog</span>', NULL, NULL, NULL, NULL, NULL, NULL, NULL, NULL, NULL, NULL, NULL, NULL, NULL, 'active', '2020-11-08 04:15:49', '2020-11-08 04:15:49'),
(13, NULL, 14, 'Subscribe for our weekly newsletter.', 'Newsletter', NULL, NULL, NULL, NULL, NULL, NULL, NULL, NULL, NULL, NULL, NULL, NULL, NULL, 'active', '2020-11-08 04:45:14', '2020-11-08 04:45:14'),
(14, NULL, 15, 'Lorem ipsum dolor sit amet, consectetur adipiscing elit. Fusce aliquet, massa ac ornare feugiat, nunc dui auctor ipsum, sed posuere eros sapien id quam. Maecenas odio nisi, efficitur eget.', 'Contact <span>Us</span>', NULL, NULL, NULL, NULL, NULL, NULL, NULL, NULL, NULL, NULL, NULL, NULL, NULL, 'active', '2020-11-08 04:57:36', '2020-11-08 04:57:36'),
(15, NULL, 16, 'Lorem ipsum dolor sit amet, consectetur adipiscing elit. Fusce aliquet, massa ac ornare feugiat, nunc dui auctor ipsum, sed posuere eros sapien id quam. Maecenas odio nisi, efficitur eget.', 'Our <span>Partners</span>', NULL, NULL, NULL, NULL, NULL, NULL, NULL, NULL, NULL, NULL, NULL, NULL, NULL, 'active', '2020-11-08 05:05:02', '2020-11-08 05:05:02'),
(16, NULL, 17, NULL, 'AIzaSyC1CmFHClWkkmLFNrkiQd6BRFSL2bedgOc', NULL, NULL, NULL, NULL, NULL, NULL, NULL, NULL, NULL, NULL, NULL, NULL, NULL, 'active', '2020-11-09 22:29:12', '2024-01-23 06:50:04'),
(17, NULL, 18, 'Lorem ipsum dolor sit amet, consectetur adipiscing elit. Fusce aliquet, massa ac ornare feugiat, nunc dui auctor ipsum, sed posuere eros sapien id quam. Maecenas odio nisi, efficitur eget', 'Our Cheap Flights', NULL, NULL, NULL, NULL, NULL, NULL, NULL, NULL, NULL, NULL, NULL, NULL, NULL, 'active', '2020-12-17 09:28:10', '2020-12-17 09:28:10');

-- --------------------------------------------------------

--
-- Table structure for table `widget_pages`
--

CREATE TABLE `widget_pages` (
  `id` bigint(20) UNSIGNED NOT NULL,
  `title` varchar(255) COLLATE utf8_unicode_ci DEFAULT NULL,
  `slug` varchar(255) COLLATE utf8_unicode_ci DEFAULT NULL,
  `status` enum('active','blocked') COLLATE utf8_unicode_ci NOT NULL DEFAULT 'active',
  `created_at` timestamp NULL DEFAULT NULL,
  `updated_at` timestamp NULL DEFAULT NULL
) ENGINE=InnoDB DEFAULT CHARSET=utf8 COLLATE=utf8_unicode_ci;

--
-- Dumping data for table `widget_pages`
--

INSERT INTO `widget_pages` (`id`, `title`, `slug`, `status`, `created_at`, `updated_at`) VALUES
(1, 'Site Settings', 'site-settings', 'active', '2020-11-06 22:02:32', '2020-11-06 22:02:32'),
(2, 'Home Page Content', 'home-page-content', 'active', '2020-11-07 00:00:29', '2020-11-07 00:00:29');

--
-- Indexes for table `bookings`
--
ALTER TABLE `bookings`
  ADD PRIMARY KEY (`id`);

--
-- Indexes for table `contact_us`
--
ALTER TABLE `contact_us`
  ADD PRIMARY KEY (`id`);

--
-- Indexes for table `failed_jobs`
--
ALTER TABLE `failed_jobs`
  ADD PRIMARY KEY (`id`),
  ADD UNIQUE KEY `failed_jobs_uuid_unique` (`uuid`);

--
-- Indexes for table `menus`
--
ALTER TABLE `menus`
  ADD PRIMARY KEY (`id`),
  ADD KEY `menus_menu_type_id_foreign` (`menu_type_id`),
  ADD KEY `menus_post_id_foreign` (`post_id`);

--
-- Indexes for table `menu_types`
--
ALTER TABLE `menu_types`
  ADD PRIMARY KEY (`id`),
  ADD UNIQUE KEY `menu_types_slug_unique` (`slug`);

--
-- Indexes for table `migrations`
--
ALTER TABLE `migrations`
  ADD PRIMARY KEY (`id`);

--
-- Indexes for table `modules`
--
ALTER TABLE `modules`
  ADD PRIMARY KEY (`id`),
  ADD UNIQUE KEY `modules_slug_unique` (`slug`);

--
-- Indexes for table `modules_data`
--
ALTER TABLE `modules_data`
  ADD PRIMARY KEY (`id`),
  ADD UNIQUE KEY `modules_data_slug_unique` (`slug`),
  ADD KEY `modules_data_module_id_foreign` (`module_id`);

--
-- Indexes for table `newsletters`
--
ALTER TABLE `newsletters`
  ADD PRIMARY KEY (`id`);

--
-- Indexes for table `tags`
--
ALTER TABLE `tags`
  ADD PRIMARY KEY (`id`),
  ADD UNIQUE KEY `tags_slug_unique` (`slug`);

--
-- Indexes for table `widgets`
--
ALTER TABLE `widgets`
  ADD PRIMARY KEY (`id`),
  ADD KEY `widgets_widget_page_id_foreign` (`widget_page_id`);

--
-- Indexes for table `widgets_data`
--
ALTER TABLE `widgets_data`
  ADD PRIMARY KEY (`id`),
  ADD KEY `widgets_data_widget_id_foreign` (`widget_id`);

--
-- Indexes for table `widget_pages`
--
ALTER TABLE `widget_pages`
  ADD PRIMARY KEY (`id`),
  ADD UNIQUE KEY `widget_pages_slug_unique` (`slug`);

--
-- AUTO_INCREMENT for table `bookings`
--
ALTER TABLE `bookings`
  MODIFY `id` bigint(20) UNSIGNED NOT NULL AUTO_INCREMENT, AUTO_INCREMENT=29;

--
-- AUTO_INCREMENT for table `contact_us`
--
ALTER TABLE `contact_us`
  MODIFY `id` bigint(20) UNSIGNED NOT NULL AUTO_INCREMENT, AUTO_INCREMENT=4;

--
-- AUTO_INCREMENT for table `failed_jobs`
--
ALTER TABLE `failed_jobs`
  MODIFY `id` bigint(20) UNSIGNED NOT NULL AUTO_INCREMENT;

--
-- AUTO_INCREMENT for table `menus`
--
ALTER TABLE `menus`
  MODIFY `id` bigint(20) UNSIGNED NOT NULL AUTO_INCREMENT, AUTO_INCREMENT=14;

--
-- AUTO_INCREMENT for table `menu_types`
--
ALTER TABLE `menu_types`
  MODIFY `id` bigint(20) UNSIGNED NOT NULL AUTO_INCREMENT, AUTO_INCREMENT=2;

--
-- AUTO_INCREMENT for table `migrations`
--
ALTER TABLE `migrations`
  MODIFY `id` int(10) UNSIGNED NOT NULL AUTO_INCREMENT, AUTO_INCREMENT=19;

--
-- AUTO_INCREMENT for table `modules`
--
ALTER TABLE `modules`
  MODIFY `id` bigint(20) UNSIGNED NOT NULL AUTO_INCREMENT, AUTO_INCREMENT=11;

--
-- AUTO_INCREMENT for table `modules_data`
--
ALTER TABLE `modules_data`
  MODIFY `id` bigint(20) UNSIGNED NOT NULL AUTO_INCREMENT, AUTO_INCREMENT=39;

--
-- AUTO_INCREMENT for table `newsletters`
--
ALTER TABLE `newsletters`
  MODIFY `id` bigint(20) UNSIGNED NOT NULL AUTO_INCREMENT, AUTO_INCREMENT=4;

--
-- AUTO_INCREMENT for table `tags`
--
ALTER TABLE `tags`
  MODIFY `id` bigint(20) UNSIGNED NOT NULL AUTO_INCREMENT;

--
-- AUTO_INCREMENT for table `widgets`
--
ALTER TABLE `widgets`
  MODIFY `id` bigint(20) UNSIGNED NOT NULL AUTO_INCREMENT, AUTO_INCREMENT=19;

--
-- AUTO_INCREMENT for table `widgets_data`
--
ALTER TABLE `widgets_data`
  MODIFY `id` bigint(20) UNSIGNED NOT NULL AUTO_INCREMENT, AUTO_INCREMENT=18;

--
-- AUTO_INCREMENT for table `widget_pages`
--
ALTER TABLE `widget_pages`
  MODIFY `id` bigint(20) UNSIGNED NOT NULL AUTO_INCREMENT, AUTO_INCREMENT=3;

--
-- Constraints for dumped tables
--

--
-- Constraints for table `menus`
--
ALTER TABLE `menus`
  ADD CONSTRAINT `menus_menu_type_id_foreign` FOREIGN KEY (`menu_type_id`) REFERENCES `menu_types` (`id`) ON DELETE CASCADE,
  ADD CONSTRAINT `menus_post_id_foreign` FOREIGN KEY (`post_id`) REFERENCES `modules_data` (`id`) ON DELETE CASCADE;

--
-- Constraints for table `modules_data`
--
ALTER TABLE `modules_data`
  ADD CONSTRAINT `modules_data_module_id_foreign` FOREIGN KEY (`module_id`) REFERENCES `modules` (`id`) ON DELETE CASCADE;

--
-- Constraints for table `widgets`
--
ALTER TABLE `widgets`
  ADD CONSTRAINT `widgets_widget_page_id_foreign` FOREIGN KEY (`widget_page_id`) REFERENCES `widget_pages` (`id`) ON DELETE CASCADE;

--
-- Constraints for table `widgets_data`
--
ALTER TABLE `widgets_data`
  ADD CONSTRAINT `widgets_data_widget_id_foreign` FOREIGN KEY (`widget_id`) REFERENCES `widgets` (`id`) ON DELETE CASCADE;
COMMIT;

